{"id":1805,"date":"2021-10-15T14:41:22","date_gmt":"2021-10-15T11:41:22","guid":{"rendered":"http:\/\/www.kamilaltay.com.tr\/?post_type=portfolio&#038;p=1805"},"modified":"2021-10-15T14:41:22","modified_gmt":"2021-10-15T11:41:22","slug":"rixos-premium-belek","status":"publish","type":"portfolio","link":"https:\/\/www.kamilaltay.com.tr\/it\/referanslar\/rixos-premium-belek\/","title":{"rendered":"Rixos Premium Belek"},"content":{"rendered":"<ul>\n<li>Formazione al dettaglio e configurazione dei negozi al dettaglio &#8211; 2007-2008<\/li>\n<\/ul>\n<h4>Referenze:<\/h4>\n<p> Fettah Tamince<\/p>\n<p>\u00a0<a href=\"http:\/\/premiumbelek.rixos.com\/\" target=\"_blank\" rel=\"noopener noreferrer\">http:\/\/premiumbelek.rixos.com\/<\/a><\/p>\n","protected":false},"excerpt":{"rendered":"<p>Formazione al dettaglio e configurazione dei negozi al dettaglio &#8211; 2007-2008 Referenze: Fettah Tamince \u00a0http:\/\/premiumbelek.rixos.com\/<\/p>\n","protected":false},"featured_media":1808,"comment_status":"closed","ping_status":"closed","template":"","tags":[],"portfolio_entries":[185],"yoast_head":"<!-- This site is optimized with the Yoast SEO plugin v22.2 - https:\/\/yoast.com\/wordpress\/plugins\/seo\/ -->\n<title>Rixos Premium Belek - Kamil Altay<\/title>\n<meta name=\"robots\" content=\"index, follow, max-snippet:-1, max-image-preview:large, max-video-preview:-1\" \/>\n<link rel=\"canonical\" href=\"https:\/\/www.kamilaltay.com.tr\/it\/referanslar\/rixos-premium-belek\/\" \/>\n<meta property=\"og:locale\" content=\"it_IT\" \/>\n<meta property=\"og:type\" content=\"article\" \/>\n<meta property=\"og:title\" content=\"Rixos Premium Belek - Kamil Altay\" \/>\n<meta property=\"og:description\" content=\"Formazione al dettaglio e configurazione dei negozi al dettaglio &#8211; 2007-2008 Referenze: Fettah Tamince \u00a0http:\/\/premiumbelek.rixos.com\/\" \/>\n<meta property=\"og:url\" content=\"https:\/\/www.kamilaltay.com.tr\/it\/referanslar\/rixos-premium-belek\/\" \/>\n<meta property=\"og:site_name\" content=\"Kamil Altay\" \/>\n<meta property=\"og:image\" content=\"https:\/\/www.kamilaltay.com.tr\/wp-content\/uploads\/2018\/12\/rixos-belek-premium-1.jpg\" \/>\n\t<meta property=\"og:image:width\" content=\"800\" \/>\n\t<meta property=\"og:image:height\" content=\"600\" \/>\n\t<meta property=\"og:image:type\" content=\"image\/jpeg\" \/>\n<meta name=\"twitter:card\" content=\"summary_large_image\" \/>\n<meta name=\"twitter:label1\" content=\"Tempo di lettura stimato\" \/>\n\t<meta name=\"twitter:data1\" content=\"1 minuto\" \/>\n<script type=\"application\/ld+json\" class=\"yoast-schema-graph\">{\"@context\":\"https:\/\/schema.org\",\"@graph\":[{\"@type\":\"WebPage\",\"@id\":\"https:\/\/www.kamilaltay.com.tr\/it\/referanslar\/rixos-premium-belek\/\",\"url\":\"https:\/\/www.kamilaltay.com.tr\/it\/referanslar\/rixos-premium-belek\/\",\"name\":\"Rixos Premium Belek - Kamil Altay\",\"isPartOf\":{\"@id\":\"https:\/\/www.kamilaltay.com.tr\/it\/#website\"},\"primaryImageOfPage\":{\"@id\":\"https:\/\/www.kamilaltay.com.tr\/it\/referanslar\/rixos-premium-belek\/#primaryimage\"},\"image\":{\"@id\":\"https:\/\/www.kamilaltay.com.tr\/it\/referanslar\/rixos-premium-belek\/#primaryimage\"},\"thumbnailUrl\":\"https:\/\/www.kamilaltay.com.tr\/wp-content\/uploads\/2018\/12\/rixos-belek-premium-1.jpg\",\"datePublished\":\"2021-10-15T11:41:22+00:00\",\"dateModified\":\"2021-10-15T11:41:22+00:00\",\"breadcrumb\":{\"@id\":\"https:\/\/www.kamilaltay.com.tr\/it\/referanslar\/rixos-premium-belek\/#breadcrumb\"},\"inLanguage\":\"it-IT\",\"potentialAction\":[{\"@type\":\"ReadAction\",\"target\":[\"https:\/\/www.kamilaltay.com.tr\/it\/referanslar\/rixos-premium-belek\/\"]}]},{\"@type\":\"ImageObject\",\"inLanguage\":\"it-IT\",\"@id\":\"https:\/\/www.kamilaltay.com.tr\/it\/referanslar\/rixos-premium-belek\/#primaryimage\",\"url\":\"https:\/\/www.kamilaltay.com.tr\/wp-content\/uploads\/2018\/12\/rixos-belek-premium-1.jpg\",\"contentUrl\":\"https:\/\/www.kamilaltay.com.tr\/wp-content\/uploads\/2018\/12\/rixos-belek-premium-1.jpg\",\"width\":800,\"height\":600},{\"@type\":\"BreadcrumbList\",\"@id\":\"https:\/\/www.kamilaltay.com.tr\/it\/referanslar\/rixos-premium-belek\/#breadcrumb\",\"itemListElement\":[{\"@type\":\"ListItem\",\"position\":1,\"name\":\"Ana sayfa\",\"item\":\"https:\/\/www.kamilaltay.com.tr\/it\/home\/\"},{\"@type\":\"ListItem\",\"position\":2,\"name\":\"Rixos Premium Belek\"}]},{\"@type\":\"WebSite\",\"@id\":\"https:\/\/www.kamilaltay.com.tr\/it\/#website\",\"url\":\"https:\/\/www.kamilaltay.com.tr\/it\/\",\"name\":\"Kamil Altay\",\"description\":\"Y\u00f6netim, E\u011fitim, \u0130nsan Kaynaklar\u0131 ve Marka Dan\u0131\u015fman\u0131\",\"potentialAction\":[{\"@type\":\"SearchAction\",\"target\":{\"@type\":\"EntryPoint\",\"urlTemplate\":\"https:\/\/www.kamilaltay.com.tr\/it\/?s={search_term_string}\"},\"query-input\":\"required name=search_term_string\"}],\"inLanguage\":\"it-IT\"}]}<\/script>\n<!-- \/ Yoast SEO plugin. -->","yoast_head_json":{"title":"Rixos Premium Belek - Kamil Altay","robots":{"index":"index","follow":"follow","max-snippet":"max-snippet:-1","max-image-preview":"max-image-preview:large","max-video-preview":"max-video-preview:-1"},"canonical":"https:\/\/www.kamilaltay.com.tr\/it\/referanslar\/rixos-premium-belek\/","og_locale":"it_IT","og_type":"article","og_title":"Rixos Premium Belek - Kamil Altay","og_description":"Formazione al dettaglio e configurazione dei negozi al dettaglio &#8211; 2007-2008 Referenze: Fettah Tamince \u00a0http:\/\/premiumbelek.rixos.com\/","og_url":"https:\/\/www.kamilaltay.com.tr\/it\/referanslar\/rixos-premium-belek\/","og_site_name":"Kamil Altay","og_image":[{"width":800,"height":600,"url":"https:\/\/www.kamilaltay.com.tr\/wp-content\/uploads\/2018\/12\/rixos-belek-premium-1.jpg","type":"image\/jpeg"}],"twitter_card":"summary_large_image","twitter_misc":{"Tempo di lettura stimato":"1 minuto"},"schema":{"@context":"https:\/\/schema.org","@graph":[{"@type":"WebPage","@id":"https:\/\/www.kamilaltay.com.tr\/it\/referanslar\/rixos-premium-belek\/","url":"https:\/\/www.kamilaltay.com.tr\/it\/referanslar\/rixos-premium-belek\/","name":"Rixos Premium Belek - Kamil Altay","isPartOf":{"@id":"https:\/\/www.kamilaltay.com.tr\/it\/#website"},"primaryImageOfPage":{"@id":"https:\/\/www.kamilaltay.com.tr\/it\/referanslar\/rixos-premium-belek\/#primaryimage"},"image":{"@id":"https:\/\/www.kamilaltay.com.tr\/it\/referanslar\/rixos-premium-belek\/#primaryimage"},"thumbnailUrl":"https:\/\/www.kamilaltay.com.tr\/wp-content\/uploads\/2018\/12\/rixos-belek-premium-1.jpg","datePublished":"2021-10-15T11:41:22+00:00","dateModified":"2021-10-15T11:41:22+00:00","breadcrumb":{"@id":"https:\/\/www.kamilaltay.com.tr\/it\/referanslar\/rixos-premium-belek\/#breadcrumb"},"inLanguage":"it-IT","potentialAction":[{"@type":"ReadAction","target":["https:\/\/www.kamilaltay.com.tr\/it\/referanslar\/rixos-premium-belek\/"]}]},{"@type":"ImageObject","inLanguage":"it-IT","@id":"https:\/\/www.kamilaltay.com.tr\/it\/referanslar\/rixos-premium-belek\/#primaryimage","url":"https:\/\/www.kamilaltay.com.tr\/wp-content\/uploads\/2018\/12\/rixos-belek-premium-1.jpg","contentUrl":"https:\/\/www.kamilaltay.com.tr\/wp-content\/uploads\/2018\/12\/rixos-belek-premium-1.jpg","width":800,"height":600},{"@type":"BreadcrumbList","@id":"https:\/\/www.kamilaltay.com.tr\/it\/referanslar\/rixos-premium-belek\/#breadcrumb","itemListElement":[{"@type":"ListItem","position":1,"name":"Ana sayfa","item":"https:\/\/www.kamilaltay.com.tr\/it\/home\/"},{"@type":"ListItem","position":2,"name":"Rixos Premium Belek"}]},{"@type":"WebSite","@id":"https:\/\/www.kamilaltay.com.tr\/it\/#website","url":"https:\/\/www.kamilaltay.com.tr\/it\/","name":"Kamil Altay","description":"Y\u00f6netim, E\u011fitim, \u0130nsan Kaynaklar\u0131 ve Marka Dan\u0131\u015fman\u0131","potentialAction":[{"@type":"SearchAction","target":{"@type":"EntryPoint","urlTemplate":"https:\/\/www.kamilaltay.com.tr\/it\/?s={search_term_string}"},"query-input":"required name=search_term_string"}],"inLanguage":"it-IT"}]}},"_links":{"self":[{"href":"https:\/\/www.kamilaltay.com.tr\/it\/wp-json\/wp\/v2\/portfolio\/1805"}],"collection":[{"href":"https:\/\/www.kamilaltay.com.tr\/it\/wp-json\/wp\/v2\/portfolio"}],"about":[{"href":"https:\/\/www.kamilaltay.com.tr\/it\/wp-json\/wp\/v2\/types\/portfolio"}],"replies":[{"embeddable":true,"href":"https:\/\/www.kamilaltay.com.tr\/it\/wp-json\/wp\/v2\/comments?post=1805"}],"version-history":[{"count":2,"href":"https:\/\/www.kamilaltay.com.tr\/it\/wp-json\/wp\/v2\/portfolio\/1805\/revisions"}],"predecessor-version":[{"id":1809,"href":"https:\/\/www.kamilaltay.com.tr\/it\/wp-json\/wp\/v2\/portfolio\/1805\/revisions\/1809"}],"wp:featuredmedia":[{"embeddable":true,"href":"https:\/\/www.kamilaltay.com.tr\/it\/wp-json\/wp\/v2\/media\/1808"}],"wp:attachment":[{"href":"https:\/\/www.kamilaltay.com.tr\/it\/wp-json\/wp\/v2\/media?parent=1805"}],"wp:term":[{"taxonomy":"post_tag","embeddable":true,"href":"https:\/\/www.kamilaltay.com.tr\/it\/wp-json\/wp\/v2\/tags?post=1805"},{"taxonomy":"portfolio_entries","embeddable":true,"href":"https:\/\/www.kamilaltay.com.tr\/it\/wp-json\/wp\/v2\/portfolio_entries?post=1805"}],"curies":[{"name":"wp","href":"https:\/\/api.w.org\/{rel}","templated":true}]}}

<!-- This site is optimized with the Yoast SEO plugin v22.2 - https://yoast.com/wordpress/plugins/seo/ -->
<title>Rixos Premium Belek - Kamil Altay</title>
<meta name="robots" content="index, follow, max-snippet:-1, max-image-preview:large, max-video-preview:-1" />
<link rel="canonical" href="https://www.kamilaltay.com.tr/it/referanslar/rixos-premium-belek/" />
<meta property="og:locale" content="it_IT" />
<meta property="og:type" content="article" />
<meta property="og:title" content="Rixos Premium Belek - Kamil Altay" />
<meta property="og:description" content="Formazione al dettaglio e configurazione dei negozi al dettaglio &#8211; 2007-2008 Referenze: Fettah Tamince  http://premiumbelek.rixos.com/" />
<meta property="og:url" content="https://www.kamilaltay.com.tr/it/referanslar/rixos-premium-belek/" />
<meta property="og:site_name" content="Kamil Altay" />
<meta property="og:image" content="https://www.kamilaltay.com.tr/wp-content/uploads/2018/12/rixos-belek-premium-1.jpg" />
	<meta property="og:image:width" content="800" />
	<meta property="og:image:height" content="600" />
	<meta property="og:image:type" content="image/jpeg" />
<meta name="twitter:card" content="summary_large_image" />
<meta name="twitter:label1" content="Tempo di lettura stimato" />
	<meta name="twitter:data1" content="1 minuto" />
<script type="application/ld+json" class="yoast-schema-graph">{"@context":"https://schema.org","@graph":[{"@type":"WebPage","@id":"https://www.kamilaltay.com.tr/it/referanslar/rixos-premium-belek/","url":"https://www.kamilaltay.com.tr/it/referanslar/rixos-premium-belek/","name":"Rixos Premium Belek - Kamil Altay","isPartOf":{"@id":"https://www.kamilaltay.com.tr/it/#website"},"primaryImageOfPage":{"@id":"https://www.kamilaltay.com.tr/it/referanslar/rixos-premium-belek/#primaryimage"},"image":{"@id":"https://www.kamilaltay.com.tr/it/referanslar/rixos-premium-belek/#primaryimage"},"thumbnailUrl":"https://www.kamilaltay.com.tr/wp-content/uploads/2018/12/rixos-belek-premium-1.jpg","datePublished":"2021-10-15T11:41:22+00:00","dateModified":"2021-10-15T11:41:22+00:00","breadcrumb":{"@id":"https://www.kamilaltay.com.tr/it/referanslar/rixos-premium-belek/#breadcrumb"},"inLanguage":"it-IT","potentialAction":[{"@type":"ReadAction","target":["https://www.kamilaltay.com.tr/it/referanslar/rixos-premium-belek/"]}]},{"@type":"ImageObject","inLanguage":"it-IT","@id":"https://www.kamilaltay.com.tr/it/referanslar/rixos-premium-belek/#primaryimage","url":"https://www.kamilaltay.com.tr/wp-content/uploads/2018/12/rixos-belek-premium-1.jpg","contentUrl":"https://www.kamilaltay.com.tr/wp-content/uploads/2018/12/rixos-belek-premium-1.jpg","width":800,"height":600},{"@type":"BreadcrumbList","@id":"https://www.kamilaltay.com.tr/it/referanslar/rixos-premium-belek/#breadcrumb","itemListElement":[{"@type":"ListItem","position":1,"name":"Ana sayfa","item":"https://www.kamilaltay.com.tr/it/home/"},{"@type":"ListItem","position":2,"name":"Rixos Premium Belek"}]},{"@type":"WebSite","@id":"https://www.kamilaltay.com.tr/it/#website","url":"https://www.kamilaltay.com.tr/it/","name":"Kamil Altay","description":"Yönetim, Eğitim, İnsan Kaynakları ve Marka Danışmanı","potentialAction":[{"@type":"SearchAction","target":{"@type":"EntryPoint","urlTemplate":"https://www.kamilaltay.com.tr/it/?s={search_term_string}"},"query-input":"required name=search_term_string"}],"inLanguage":"it-IT"}]}</script>
<!-- / Yoast SEO plugin. -->

Yönetim, Eğitim, İnsan Kaynakları ve Marka Danışmanı
